= -324 - -114. Let z = 617 + v. Is z composite?
True
Suppose 4*l - 3*m - 5 - 3 = 0, 0 = 2*l + 2*m + 10. Let i = l - -1. Suppose i = -5*p + 3*h + 12, -2*p + 5 + 3 = 2*h. Is p a composite number?
False
Let g be 1/(4/(-8) - 0). Is g/(-3)*3927/14 prime?
False
Let a(v) = 214*v - 27. Is a(5) composite?
True
Let a(n) be the third derivative of -5*n**4/24 - n**2. Let q be a(-5). Is q - ((-2 - 0) + 1) a composite number?
True
Let u(b) = 4*b**3 + 7*b**2 + 3*b + 1. Let q(v) = 9*v**3 + 15*v**2 + 5*v + 1. Let g(i) = 3*q(i) - 7*u(i). Suppose -t - 3*t - 20 = 0. Is g(t) a composite number?
True
Let f(y) = y**2 + 13*y + 11. Let n be f(-14). Let j = n - 70. Is (-277)/(-9) + (-10)/j a prime number?
True
Suppose -6*s - 3*f - 16 = -4*s, 3*f = 5*s + 19. Is 3/15 + (-129)/s a prime number?
False
Let k(h) = -h + 211. Is k(0) prime?
True
Suppose -5*i - 4*d = -2, 0*d = -2*d - 4. Suppose -i*y - 57 = 17. Let m = -23 - y. Is m prime?
False
Let g be (-12)/16 - 6/(-8). Suppose g*c + c = 115. Is c a prime number?
False
Let a = -17 - -80. Is 18/a - 453/(-7) composite?
True
Let z = -786 + 1227. Is (-1 - -3) + z/1 a composite number?
False
Let r be 0 + (-3)/(9/1059). Let q = -196 - r. Is q a prime number?
True
Let y be 51/12 - (-2)/(-8). Suppose -y*a = a - 1585. Is a a prime number?
True
Let u(n) = n**3 + 11*n**2 + 6*n + 5. Is u(-8) a composite number?
False
Let p(m) = 11*m**2 - m - 3. Let s be p(-3). Let n(f) = -f + 6. Let h be n(6). Suppose -3*b + s = -h*b. Is b a prime number?
False
Let w(g) = 14*g - 2. Let a be 8/44 + 64/11. Is w(a) a prime number?
False
Let p = -3 - -3. Suppose 0*w + w - 103 = 2*j, -4*j - 16 = p. Is w a composite number?
True
Let n be ((-1)/3)/((-1)/15). Let m(x) = -x**2 - 4*x. Let d be m(-4). Suppose -n*k - 10 = -c, -3*c + 3*k + 90 = -d*k. Is c a prime number?
False
Suppose 2*x = 4*x - 6. Let g be ((-8)/10)/(x/15). Is g - -2 - -2*20 composite?
True
Is (2/6)/(3/1269) composite?
True
Let q = 274 + -59. Is q composite?
True
Let y be ((-4)/(-6))/(1/3). Suppose -4*w + 138 = 4*t - 2*w, -w - 190 = -5*t. Suppose x = 2*g + 96 - t, -x + 47 = y*g. Is x composite?
False
Let l(q) be the third derivative of 91*q**4/24 - 3*q**2. Is l(1) prime?
False
Let d(w) = 7*w**2 + 14*w - 5. Is d(-12) prime?
False
Let d = 0 + -2. Let k = 2 - d. Let s(c) = 5*c**2 + c + 1. Is s(k) composite?
True
Let k(x) = -4*x**3 + x. Let a be k(-1). Suppose a*c = -c + 20. Suppose -2*j - 195 = -c*j. Is j composite?
True
Let p be 18/3 - (-3 + 3). Suppose -p = -2*o + 14. Is o composite?
True
Let a(w) = -29*w**2 + 143*w**2 + 0*w - w + 0*w. Is a(1) prime?
True
Let u(v) = 71*v + 3. Suppose 5*b - 12 = 4*j, -j + 3*b + 7 - 17 = 0. Is u(j) a composite number?
True
Let n(f) = f + 1. Let b(q) = -98*q + 5. Let z(p) = b(p) - n(p). Is z(-3) a prime number?
False
Suppose 0 = -2*z - 4*c + 8, 5*z - 3*c - 22 = -67. Let h be 21/5 - z/(-30). Suppose 62 = -h*u + 210. Is u a prime number?
True
Is 2 - (-4 + -112*1) a prime number?
False
Let j = -18 + 23. Suppose k + 0*k = 5*z - 7804, -j*z + 3*k + 7802 = 0. Is z a prime number?
False
Suppose -2*k - 17 = 2*j + 3*k, -4*j - 3*k + 1 = 0. Let y(l) = -2*l - 6. Let u be y(-4). Suppose u*b + 8 = m + 57, -68 = -j*b - 4*m. Is b prime?
False
Let h(g) = 5*g**3 + 5*g**2 + 2*g + 4. Let c be h(-4). Is -2 + (-4)/(16/c) a composite number?
False
Let o = -4 - -7. Suppose 2*x + o - 21 = 0. Is x a composite number?
True
Suppose 882 = t + 2*n + 326, 4*t - 2236 = -5*n. Let g = t - 377. Is g composite?
True
Let g(j) be the second derivative of 3*j**5/10 - j**3/3 + j**2/2 + j. Let c be g(1). Suppose o - c*o = -220. Is o a prime number?
False
Let t(l) = 2*l**3 + 2*l**2 + 16*l - 27. Is t(10) a composite number?
False
Suppose 0*p = -5*h - p + 33, 3 = h + 2*p. Suppose 4*n - 377 = -5*w, h*n - 4*n = -4*w + 302. Is w a composite number?
True
Suppose 0 = -16*o + 13742 - 1294. Is o a prime number?
False
Let v = 1624 - 885. Is v a prime number?
True
Let o(m) = m**3 - m + 2. Let u be o(0). Suppose -2*q + 112 = u*q. Let t = -9 + q. Is t composite?
False
Let t = 89 - 41. Suppose 4*b - t = 4*l, -5*b = -2*b + 5*l + 4. Is b composite?
False
Let j = -2 + 1. Let c(m) = -m**3 - m**2 - m. Let l(d) = 17*d**3 - 3*d**2 - 4*d - 1. Let n(z) = 4*c(z) - l(z). Is n(j) composite?
True
Let p(j) = 6*j**3 - 12*j**2 + 10*j - 11. Is p(10) prime?
True
Let h = 1222 - -177. Is h composite?
False
Let o(p) = -5*p - 4. Suppose 0 = -2*y + y + 4. Suppose -3*c + y*w + 2 = 28, c + 4*w = 2. Is o(c) composite?
True
Let h(x) be the third derivative of x**4/24 - 14*x**3/3 + 2*x**2. Let s be h(0). Let a = s - -42. Is a composite?
True
Is 1*(-2856)/(-6) - (-4 + 1) a prime number?
True
Let x(n) = n**2 + 6*n + 7. Suppose 4*t = -11 - 9. Let j be x(t). Suppose -5*d + j*d = -18. Is d prime?
False
Is 3 - (-743)/((-3)/(-3)) a composite number?
True
Suppose 2*t - 1179 = 5*n, 4*n + 1675 = 5*t - 1264. Is t prime?
True
Let a = 85 + -34. Suppose p - a = 5*s, p - 30 - 21 = -5*s. Is p composite?
True
Let t(d) = d + 1. Suppose -3*l = -6*l - 2*s - 4, 2*s + 14 = 2*l. Let x be t(l). Suppose -4*f = -a - 23 - 64, -x*a + 130 = 5*f. Is f composite?
False
Let a(u) = -8*u**2 + 8 - u**3 + 6*u + u**3 + 5*u - u**3. Let h be a(-9). Is h*(-2 + (-26)/4) a prime number?
False
Let t(x) = 751*x - 1. Let i be t(6). Suppose -5*p + i = -5*b + 1550, 0 = 3*b. Is p prime?
False
Suppose 622 - 120 = 2*u - 2*f, -5*f = -3*u + 761. Is u a composite number?
True
Suppose 0 = 4*b - 119 - 101. Is b composite?
True
Let g = 11 - 6. Suppose -g*m = -0*m - 105. Is m composite?
True
Suppose -590 = 4*r - 9*r + 5*w, 4*w = -4*r + 432. Is r a prime number?
True
Let m(r) = -r**3 + 5*r**2 + r + 1. Let z be 1 + ((-4)/(-2))/1. Is m(z) prime?
False
Suppose 5*z - 4*z = -1. Let w be 6 + 1 + 2/z. Suppose w*g = -2*i + 261, -2*i = 3*g - 5*g + 110. Is g a prime number?
True
Let p be (-2 + 0)*2/4. Let o be (5/20)/(p/(-8)). Suppose -o*v + 29 + 77 = 0. Is v a prime number?
True
Let a be (-2 + 2 - -3)*43. Let n = a - 72. Is n prime?
False
Suppose c = -c + 356. Is c a prime number?
False
Let j = 34 - 9. Is j composite?
True
Suppose 315 = -5*z - f, z + 2*z + 189 = -5*f. Let x be z/6*(-28)/6. Suppose -310 + x = -3*d. Is d composite?
True
Let z be (2 - 3 - 3) + 2. Is ((-6)/(-12))/(z/(-1052)) composite?
False
Suppose -4*k + 679 = -3*k. Is k composite?
True
Suppose 3*l = 7*i - 2*i + 1211, 3*l + 4*i = 1229. Is l composite?
True
Suppose 2*y + 2*y + 8 = 0, -3*g + 2*y + 745 = 0. Is g prime?
False
Let x = 114 + 233. Is x composite?
False
Let w = -75 + 1226. Is w a composite number?
False
Let a(r) = r**2 + r**3 + r + 7 + 0*r**3 + 0*r**3. Let t be 4/(-22) + 4/22. Is a(t) a composite number?
False
Suppose -36 = -2*s + 36. Suppose -s = -2*a + 38. Is a prime?
True
Let n(q) = 60*q**2 - 3*q - 8. Is n(-3) a composite number?
False
Is (-6)/10 - ((-40728)/30 + -4) a composite number?
False
Let y = -39 - -618. Is y a prime number?
False
Let l be ((-6)/(-9))/((-2)/6). Let c be (-2)/(-1) - 256/l. Suppose 295 - 35 = 4*y - 3*k, 5*k + c = 2*y. Is y composite?
True
Let l(q) = 18*q**2 - 10*q - 9. Let a(f) = 35*f**2 - 19*f - 17. Let h(m) = 6*a(m) - 11*l(m). Is h(7) prime?
True
Suppose -16 = -p + 70. Is p a prime number?
False
Suppose -s - 1 - 1 = 3*z, 0 = -3*s + 12. Let j(o) = -6*o - 2. Is j(z) a composite number?
True
Let t(y) = y**3 + 4*y**2 + y - 1. Suppose -5*p + 13 = -2. Is t(p) a prime number?
False
Let z = -481 - -692. Is z a composite number?
False
Suppose j - 3*j + 238 = 0. Suppose x - 148 = j. Is x prime?
False
Let g = -6 + 6. Suppose g = -d + 2*d - 1. Let i = 14 + d. Is i a prime number?
False
Suppose -24 = -5*m - 0*m + 4*d, 19 = 4*m - 3*d. Suppose m*a + 885 = 7*a. Is a a prime number?
False
Let r = 11 + -8. Suppose r*l - 8 = -2. Suppose 2*t - 45 = -5*a, -4*t - l*a + 0*a = -50. Is t a composite number?
True
Suppose -7*u + 1196 = -3*u. Is u prime?
False
Suppose -3*t + 52 = -5*i, -5*i = -4*t + 33 + 18. Let m(r) = -8*r - 9. Is m(i) a prime number?
True
Let g be (-15426)/(-24) - 6/8. Suppose -g = -3*l + 924. Let d = l - 373. Is d composite?
False
Let b be (-1)/2*1*-12. Suppose 3725 = b*l - l. Is l a prime number?
False
Is 2/4 - (-4774)/44 composite?
False
Let c(p) = -p**2 - 7*p + 11. Let y be c(-8). Suppose -235 = y*q - 724. Is q prime?
True
Let q(f) = f**3 - 4*f**2 + 3*f - 2. Let x be q(5). Suppose 4*l - 30 = 4*u + x, 4*u + l + 53 = 0